(base 5) to base 12
-6b64
202102200 (base 3) to base 7
61266
Convert -6066 (base 7) to base 4.
-200322
What is 4205 (base 12) in base 7?
30002
What is 27762 (base 8) in base 11?
9249
12132231 (base 4) to base 5
1322131
7b9 (base 16) to base 9
2636
Convert -372 (base 8) to base 5.
-2000
Convert 1110 (base 5) to base 6.
415
Convert 35403 (base 6) to base 14.
1c15
What is 2212113 (base 4) in base 9?
15540
-494 (base 11) to base 16
-24b
Convert -11440 (base 7) to base 14.
-1120
Convert 25560 (base 8) to base 14.
40a4
-35591 (base 11) to base 8
-144123
What is -4cd (base 14) in base 5?
-12330
Convert -10420 (base 5) to base 11.
-609
-26a (base 14) to base 4
-13212
Convert -33100 (base 4) to base 2.
-1111010000
What is 84bb (base 12) in base 15?
4498
10212 (base 8) to base 7
15226
What is -1be (base 16) in base 10?
-446
1012112 (base 5) to base 10
16532
1001110111110011 (base 2) to base 12
1b497
What is -633 (base 7) in base 4?
-10332
-1063 (base 13) to base 14
-b8a
What is 1000303 (base 4) in base 8?
10063
101211202 (base 3) to base 4
1323200
21003 (base 4) to base 5
4304
What is 2b39a (base 12) in base 15?
1313a
What is -a94 (base 13) in base 16?
-713
What is -475 (base 11) in base 12?
-3b2
10524 (base 6) to base 4
113110
What is 122100 (base 5) in base 3?
20101020
What is -4cd1 (base 14) in base 9?
-20472
2372 (base 14) to base 7
24002
-6035 (base 10) to base 5
-143120
Convert -260 (base 14) to base 7.
-1250
What is c91 (base 13) in base 16?
862
Convert 1a9 (base 14) to base 6.
1333
-786 (base 11) to base 14
-4b3
Convert 1112010211 (base 3) to base 13.
10861
-3e9 (base 16) to base 12
-6b5
227245 (base 8) to base 15
17e52
What is b24 (base 12) in base 6?
11244
Convert 4c9 (base 15) to base 12.
769
What is ce (base 16) in base 7?
413
What is 2ca (base 14) in base 9?
703
What is 1883 (base 11) in base 13?
111b
Convert -a946 (base 16) to base 13.
-16955
Convert -1ab (base 14) to base 7.
-1004
26b (base 12) to base 3
111202
Convert 10100011010011001 (base 2) to base 5.
10133414
-324013 (base 5) to base 3
-120021100
Convert 245 (base 10) to base 5.
1440
-a3 (base 11) to base 4
-1301
Convert 1335 (base 7) to base 14.
28c
Convert 36c5 (base 16) to base 9.
21208
What is d3a (base 14) in base 13?
1250
What is 1724 (base 10) in base 3?
2100212
Convert -8998 (base 12) to base 2.
-11101110000100
What is -2084 (base 14) in base 5?
-134404
What is 4618 (base 11) in base 13?
29bb
What is 3943 (base 11) in base 6?
35425
What is -4980 (base 13) in base 14?
-3b1b
What is -21223 (base 6) in base 14?
-10ab
Convert -1a15 (base 13) to base 8.
-7501
Convert -131232 (base 4) to base 13.
-b34
Convert -301202 (base 5) to base 9.
-14083
Convert 7565 (base 9) to base 5.
134232
Convert 124023 (base 5) to base 14.
1ad2
Convert 21000 (base 7) to base 2.
1010000011001
What is 517 (base 10) in base 7?
1336
3d9 (base 15) to base 11
72a
1c9a (base 15) to base 12
3724
What is -738 (base 14) in base 7?
-4101
What is 2141 (base 5) in base 4?
10220
What is -100011111 (base 2) in base 8?
-437
Convert a866 (base 13) to base 15.
6e06
Convert -36a (base 12) to base 9.
-631
What is -100100101110011 (base 2) in base 9?
-27712
Convert 435 (base 14) to base 7.
2265
Convert 12112211 (base 3) to base 7.
14536
-11011021 (base 3) to base 2
-101111010111
What is -1331133 (base 4) in base 12?
-4793
What is -186a (base 11) in base 10?
-2375
Convert 1574 (base 9) to base 5.
14301
Convert -55ef (base 16) to base 13.
-a023
Convert 34b5 (base 16) to base 15.
3ee8
Convert 8447 (base 10) to base 6.
103035
-10001101010000 (base 2) to base 3
-110101211
What is -b918 (base 12) in base 15?
-604e
Convert -3164 (base 15) to base 10.
-10444
-2162 (base 11) to base 15
-ca1
Convert -391 (base 12) to base 13.
-328
What is -21120000 (base 3) in base 7?
-22026
Convert 2512 (base 7) to base 15.
42a
Convert 4341 (base 7) to base 5.
22143
Convert -1101110010111 (base 2) to base 4.
-1232113
Convert -1a8 (base 12) to base 6.
-1132
What is 160 (base 14) in base 15?
13a
What is -2185 (base 9) in base 15?
-72b
Convert -72 (base 11) to base 12.
-67
311200 (base 4) to base 12
1b94
102200 (base 3) to base 7
630
532 (base 8) to base 15
181
-583b (base 12) to base 7
-40454
What is 25 (base 11) in base 5?
102
What is 2561 (base 7) in base 3?
1100002
Convert 392 (base 11) to base 10.
464
-7639 (base 14) to base 8
-47723
What is 45444 (base 6) in base 10?
6436
What is 34057 (base 8) in base 2?
11100000101111
Convert -2655 (base 12) to base 2.
-1000100100001
Convert 1310021 (base 5) to base 13.
b890
13864 (base 10) to base 12
8034
-398 (base 15) to base 2
-1100110010
What is 103210 (base 4) in base 15?
587
What is -32101 (base 4) in base 14?
-493
-747 (base 10) to base 7
-2115
What is -8058 (base 10) in base 3?
-102001110
What is 1077 (base 12) in base 16?
71b
What is -2c2 (base 13) in base 6?
-2144
13c8 (base 13) to base 4
230310
What is -305 (base 11) in base 16?
-170
Convert 22200010 (base 3) to base 14.
2437
-2313 (base 9) to base 14
-8a5
Convert 37921 (base 11) to base 6.
1055344
What is -329 (base 15) in base 7?
-2040
2968 (base 10) to base 12
1874
-402344 (base 6) to base 3
-1121110001
Convert -322443 (base 5) to base 6.
-122530
What is -60470 (base 8) in base 11?
-17776
What is -4724a (base 11) in base 10?
-68177
Convert -11662 (base 7) to base 15.
-da7
-1230421 (base 5) to base 15
-710b
65516 (base 8) to base 4
12231032
Convert -7c (base 15) to base 8.
-165
Convert 103445 (base 6) to base 14.
31c1
4070 (base 15) to base 7
54444
2001111200 (base 3) to base 6
511200
What is 322 (base 12) in base 7?
1223
What is -1141 (base 10) in base 4?
-101311
-241 (base 13) to base 3
-112111
Convert 34a (base 12) to base 7.
1300
Convert 6a8 (base 12) to base 8.
1740
51110 (base 6) to base 7
25434
Convert -203 (base 14) to base 5.
-3040
Convert e1 (base 16) to base 8.
341
Convert 10023 (base 6) to base 8.
2437
6739 (base 13) to base 2
11100001001101
Convert -565 (base 8) to base 10.
-373
32542 (base 6) to base 4
1012232
What is -213233 (base 4) in base 14?
-cd9
What is 44572 (base 9) in base 11?
20297
Convert 1010001 (base 3) to base 12.
577
223330 (base 4) to base 9
3764
Convert 2068 (base 10) to base 3.
2211121
-21102 (base 5) to base 13
-83b
Convert 3136 (base 7) to base 3.
1111221
13133 (base 4) to base 14
263
Convert -1081 (base 13) to base 4.
-203332
Convert e53 (base 15) to base 6.
22540
-a2 (base 15) to base 7
-305
-1210112200 (base 3) to base 7
-205113
-469d (base 15) to base 5
-434443
What is -8070 (base 16) in base 11?
-22781
What is 26346 (base 10) in base 5?
1320341
14567 (base 9) to base 3
111122021
Convert -1142 (base 6) to base 7.
-545
22d (base 15) to base 3
200021
What is 6892 (base 14) in base 10?
18160
332 (base 9) to base 3
101002
-2128 (base 9) to base 13
-935
What is 1201122 (base 3) in base 12?
88b
-15226 (base 7) to base 5
-113414
Convert -111110010111 (base 2) to base 3.
-12110211
9c (base 14) to base 5
1023
Convert 130203 (base 4) to base 8.
3443
What is -2064 (base 12) in base 11?
-2721
73 (base 8) to base 10
59
What is -1001000110011 (base 2) in base 12?
-2843
What is -1530 (base 9) in base 14?
-5cd
Convert 2574 (base 9) to base 12.
114a
Convert 7571 (base 9) to base 7.
22150
-870 (base 12) to base 8
-2324
Convert -1022223 (base 4) to base 15.
-1639
What is 28685 (base 9) in base 2?
100110000111101
Convert -23202021 (base 4) to base 10.
-47241
What is -5214 (base 7) in base 8?
-3440
What is -324 (base 14) in base 15?
-2b5
What is 385 (base 11) in base 9?
556
Convert -16489 (base 12) to base 4.
-13300221
1100101110101 (base 2) to base 5
202032
f (base 16) to base 7
21
4111 (base 6) to base 5
12112
c71 (base 16) to base 4
301301
5012 (base 6) to base 2
10001000000
1343324 (base 5) to base 12
14224
Convert -15db (base 14) to base 10.
-3917
2702 (base 13) to base 6
41455
Convert 95a5 (base 14) to base 7.
135165
What is -1021212110 (base 3) in base 12?
-12863
What is -473 (base 8) in base 12?
-223
What is 3411 (base 6) in base 5?
11144
11665 (base 11) to base 3
212000002
-79e (base 16) to base 13
-b70
274 (base 8) to base 13
116
What is -144 (base 8) in base 6?
-244
Convert 1000011000111 (base 2) to base 15.
1415
1012111100 (base 3) to base 6
301400
Convert -23 (base 11) to base 13.
-1c
What is -1122120 (base 3) i